it of q?
7
Let y = -8 - -25. What is the tens digit of y?
1
Suppose 85 = -x + 268. What is the hundreds digit of x?
1
What is the hundreds digit of 56862/135 - (-2)/(-10)?
4
Suppose 0 = m - 3*m + 3*w + 28, -4*w = 8. Suppose y - 26 = -2*y + 4*c, y - m = -c. What is the units digit of y?
0
Let t be 12/7 + 2/7. What is the units digit of -8*(3/12 - t)?
4
Suppose -2*i + 62 = -4*u, 4*u + 75 = 3*i - 24. Suppose 0 = -3*h + i + 29. What is the units digit of h?
2
Let g be 5 + 0 + -2 + 2. Suppose 3*f + g = 104. Let k = f + -20. What is the units digit of k?
3
What is the units digit of -3 + 57 - (-4)/(-1)?
0
Suppose 9 = -0*l + 3*l. Let u = 1 - l. What is the units digit of (3/((-3)/u))/2?
1
Let d(f) = f**3 - 5*f**2 - 3*f + 8. What is the tens digit of d(6)?
2
Suppose 0 = 2*h - 5*n - 20, -h + n = -4*h - 4. Let r = 10 - h. What is the tens digit of r?
1
Let d(y) = 2*y - 5. Let g be d(10). Suppose 9*q = x + 4*q - 34, -4*x + 2*q + 100 = 0. Let a = x - g. What is the units digit of a?
9
Let k = 6 + 10. What is the units digit of k?
6
Suppose 0 = -2*q - 2*r - 2, 3*q - r + 6*r = -5. Let t = -8 - -12. Suppose t*a + q*s = 4*s, 0 = s - 2. What is the units digit of a?
2
Let b = -36 - -98. What is the units digit of b?
2
Suppose r + 0*r = 3*p + 106, -2 = -p. Suppose -r = -j - 3*j. What is the tens digit of j?
2
Let i be (2 - 0 - -3)/1. Suppose -i*x + 0*x = -60. What is the tens digit of x?
1
Suppose -154 = -4*f - 54. What is the units digit of f?
5
Suppose -3*o + 5 = -8*o. What is the units digit of 1/3*(77 - o)?
6
Suppose i - 2*h + 13 = 0, -4*i + i = -5*h + 35. Let t = -2 - 1. What is the tens digit of 15/(t/(2 + i))?
1
Suppose 0*s + 3*s = -2*p + 3, 4*p - 3*s = -39. What is the units digit of p/(-3 + (-6)/(-3))?
6
Let k be -26 + (-1 + 1)/(-2). Let p = 2 - k. Suppose -5*l = -22 - p. What is the tens digit of l?
1
Let a = 4 + -5. Suppose 3*g - 3 = -9. What is the units digit of a/g - (-9)/6?
2
What is the units digit of ((-27)/18)/((-15)/(-24) - 1)?
4
What is the units digit of (0 - -6)/(-14 - -16)?
3
Let c(s) = 3*s**2 - 14*s - 6. What is the tens digit of c(11)?
0
Let p = 6 + -6. Suppose 0 = 2*l + 3*r - 34, -22 = -l - p*r + r. What is the tens digit of l?
2
Suppose 0 = 4*l - 7*l + 12. What is the units digit of l?
4
Suppose 5*m - 8 - 2 = 0. What is the units digit of (m/(-4))/((-3)/18)?
3
Suppose -2*x = d - 148 - 142, -584 = -4*x - d. What is the tens digit of x?
4
Let g(a) = a**3 - 13*a**2 + 11*a + 13. Let f be g(12). Suppose -f + 0 = -q. Let v(s) = 9*s. What is the units digit of v(q)?
9
Let t be 3/21 + (-628)/(-14). Suppose 0 = -2*x - 3*x + t. What is the units digit of x?
9
Suppose 5*s = -15 - 85. What is the units digit of (85/s)/((-1)/4)?
7
Let p(l) = 59*l**3 - 3*l + 2. What is the units digit of p(1)?
8
Let v(i) = 6*i. Let n be v(1). Suppose -6*x + 16 = -x + 2*c, 5*c - n = -4*x. What is the units digit of x?
4
Let i = -4 - -10. Suppose -11 - 31 = -2*z + 2*w, -3*w = -i. What is the units digit of z?
3
Suppose 0 = 3*j - 3*i - 141, 0*j + 4*j + 5*i = 215. What is the units digit of j?
0
Suppose 0 = -0*m - 3*m. Suppose 0 = -2*v - 0*c + c + 32, m = 2*v - 3*c - 36. What is the units digit of v?
5
Let y(z) = -z**2 - 7*z + 4. Let v be y(-7). Suppose -v*b = -0*b - 52. Suppose 2*p - b = p + 2*h, 1 = -h. What is the tens digit of p?
1
Suppose -d - 2 = -x - 2*d, 5*x - 3*d = -6. Let w = x + 0. Suppose -5*t + 25 = b - t, b - t = w. What is the units digit of b?
5
Let n(g) = g - 4. Let a be n(3). Let b = 12 - a. What is the tens digit of b?
1
Suppose 3*d - 31 - 14 = 0. Suppose -o - 8*z - 6 = -4*z, -2*o = -z - d. What is the units digit of o?
6
Suppose 2*a - 3*v = 9, -2*v = -7*v - 5. Suppose 0 = 4*x + m - 15 - 16, 4*m + 20 = 2*x. Suppose -o = -5, -x = 2*r - a*o - o. What is the units digit of r?
6
Let c = 8 + -4. Suppose -2*g - 2 = 2*o, c*o - 3 = o - g. Suppose i - 9 = 4*v, 7*i - 36 = 3*i + o*v. What is the units digit of i?
9
Let s be -3*(-2 + 5)/1. Let o be 28/(-6)*s/6. Let u = o + -5. What is the units digit of u?
2
Suppose -4*x + 2 + 10 = 0. Suppose 9*d = 6*d + x. What is the units digit of d?
1
Let s(n) = n - 5. Let b be s(-4). Let i = -4 - b. Suppose i*w + 2 = 37. What is the units digit of w?
7
Suppose -9 - 3 = -3*h. What is the units digit of -4*19/h*-2?
8
Let p = -93 - -148. What is the units digit of p?
5
What is the units digit of (-1 - 2) + (540/3 - 3)?
4
Let b(u) = -u**2 + 11*u - 8. Let j be b(10). Suppose -h - 4*l = -8, 0 = 3*h + 3*l - j*l - 13. Suppose 0 = 4*n - 4 - h. What is the units digit of n?
2
Suppose 1628 = 16*l - 1508. What is the tens digit of l?
9
Let c = -8 + 0. Let v = c - -16. What is the units digit of v?
8
Let l = -61 - -109. What is the units digit of l?
8
Suppose 0*s + 2*s + 2*b + 2 = 0, 0 = -5*s + 5*b + 5. Suppose s*y = 3*y - 24. What is the units digit of y?
8
Let v(o) = 3*o**3 + 4*o**2 - 3*o. Let x(z) = 4*z**3 + 5*z**2 - 3*z + 1. Let m(f) = 3*v(f) - 2*x(f). What is the units digit of m(-2)?
4
Suppose -3*p + 299 = -1. What is the tens digit of p?
0
Let w be (-34)/3 + (-6)/9. Let d = 18 + w. What is the units digit of (-56)/(-12) + (-4)/d?
4
Suppose 109 = 3*p - 32. What is the tens digit of p?
4
Let o(q) = -q**3 - 7*q**2 - 7*q - 4. Let x be o(-6). Suppose 0 = -a - x*a. Suppose -5*z - 6 + 41 = a. What is the units digit of z?
7
Let j(h) = h**3 + 8*h**2 + 7*h + 5. Let n be j(-6). Suppose 2*b + n = 7*b. What is the units digit of b?
7
What is the units digit of (-6)/27 + -3*317/(-27)?
5
Suppose 7*v - 40 = -4*b + 3*v, 0 = 2*v - 6. Let o(h) = h - 3. Let d be o(b). Suppose 35 = d*f - 3*i, 23 + 12 = 5*f - 2*i. What is the units digit of f?
5
Let z = 4 - 4. Let s(j) = 0*j + z + j + 9. What is the units digit of s(-6)?
3
Let o(c) = -c**2 - 1 - 2*c**2 + 7*c - 2 + 2*c**2. Let r be o(6). Suppose r*k - 7*k + 36 = 0. What is the units digit of k?
9
What is the tens digit of (-33)/(-2) + (-9)/6?
1
Let m = -4 - -6. Suppose -j = -3*j - m, -5*n + 160 = 5*j. What is the units digit of n?
3
Let n be (-1 + 1)/(11 - 9). Suppose 2*b - 36 - 48 = n. Suppose -3*s + b = -s. What is the units digit of s?
1
Let l(t) = -t**3 + 9*t**2 - 8*t. Let b be l(8). Suppose -3*k + 4 - 1 = b. What is the units digit of 3 - (k + (-4)/2)?
4
Let l(c) = c**3 - c**2 + 2*c + 4. Let z be l(0). Let j(i) = 2*i - 6. What is the units digit of j(z)?
2
Suppose w + 0*c - 25 = -c, -3*c - 3 = 0. Suppose -72 = -4*y - k, y - w = -3*k + 3. Suppose -5*b + 4*d = -35, -2*b + y = d - 2*d. What is the tens digit of b?
1
Let z = 6 + 0. Let h = z + -5. What is the units digit of h?
1
What is the units digit of 1*79*(-1)/(2/(-2))?
9
Suppose -2*n = 3*j - 351, 2*n = -3*n + 15. What is the hundreds digit of j?
1
Suppose 0 = s - 0*s. Suppose s*d + 3*d - 9 = 0. Suppose d*k - 12 = -0*k. What is the units digit of k?
4
Let j be 248/14 + 20/70. Let h = j + -13. What is the units digit of h?
5
Suppose 16 - 6 = 5*f. Let n be (-1)/f + (-21)/(-6). What is the units digit of (12*-1)/(n/(-2))?
8
Suppose 4*d - 28 = 2*d. What is the units digit of 4/d - 1162/(-49)?
4
Suppose -4*m + 220 = m. Let s = m + -24. What is the tens digit of s?
2
Suppose -3 = -f - 5*p, 2 = 2*f + 4*p + 14. Let j = -7 - f. Let z(u) = u + 5. What is the tens digit of z(j)?
1
Let k be (-3)/2*12/(-18). Let m = -1 + k. What is the units digit of m + -1 + 0 - -5?
4
Let i = 74 - 50. What is the tens digit of i?
2
Suppose -3*t + 10 = 25, -3*t + 365 = 4*v. Suppose 0 = -3*f + 8*f - v. What is the tens digit of f?
1
Suppose -2*q = g - 24, 3*g - 6*q + 4*q = 56. Suppose -3*y = -5*d + 13, -3*y - g = -0*d + 2*d. What is the units digit of (-2)/y*(1 - -20)?
7
Let h be (-3 + 0)/(-3)*-2. What is the units digit of -7*(-1)/(h/(-14))?
9
What is the tens digit of 364*2/8*4?
6
Let y(h) = h + 3. Let s be y(3). Let j = s - 1. Let x(o) = o. What is the units digit of x(j)?
5
Let l(k) = 11*k - 1. Let a be l(-1). What is the units digit of (8/a)/(4/(-6))?
1
Suppose -56 = 4*m - 680. Let t = -79 + m. What is the units digit of (-31)/(-11) - (-14)/t?
3
Let z(w) = 6 + w - 7 + 3. Let x be 26/3 - (-4)/(-6). What is the units digit of z(x)?
0
Let k(f) = -4*f + 8. Let n(m) = 3*m - 3. Let x(v) = 3*v - 4. Let i(h) = -4*n(h) + 5*x(h). Let y(t) = -5*i(t) - 4*k(t). What is the units digit of y(0)?
8
Let w = -67 - -127. What is the units digit of w?
0
Let y be (-1 - 0)/((-1)/1). Supp